{"id":24812,"date":"2021-11-25T17:22:18","date_gmt":"2021-11-25T16:22:18","guid":{"rendered":"https:\/\/beta.fundaciosetba.org\/wp-content\/uploads\/2021\/11\/La-mem\u00f2ria-de-la-Pla\u00e7a.jpg"},"modified":"2021-11-25T17:22:18","modified_gmt":"2021-11-25T16:22:18","slug":"la-memoria-de-la-placa-2","status":"inherit","type":"attachment","link":"https:\/\/fundaciosetba.org\/en\/la-memoria-de-la-placa-2\/","title":{"rendered":"La-memoria-de-la-Placa"},"author":1,"featured_media":0,"comment_status":"open","ping_status":"closed","template":"","meta":[],"class_list":["post-24812","attachment","type-attachment","status-inherit","hentry"],"description":{"rendered":"<p class=\"attachment\"><a ref=\"magnificPopup\" href='https:\/\/fundaciosetba.org\/wp-content\/uploads\/2021\/11\/La-mem\u00f2ria-de-la-Pla\u00e7a.jpg'><img loading=\"lazy\" decoding=\"async\" width=\"300\" height=\"134\" src=\"https:\/\/fundaciosetba.org\/wp-content\/uploads\/2021\/11\/La-mem\u00f2ria-de-la-Pla\u00e7a-300x134.jpg\" class=\"attachment-medium size-medium\" alt=\"\" srcset=\"https:\/\/fundaciosetba.org\/wp-content\/uploads\/2021\/11\/La-mem\u00f2ria-de-la-Pla\u00e7a-300x134.jpg 300w, https:\/\/fundaciosetba.org\/wp-content\/uploads\/2021\/11\/La-mem\u00f2ria-de-la-Pla\u00e7a-150x67.jpg 150w, https:\/\/fundaciosetba.org\/wp-content\/uploads\/2021\/11\/La-mem\u00f2ria-de-la-Pla\u00e7a.jpg 539w\" sizes=\"auto, (max-width: 300px) 100vw, 300px\" \/><\/a><\/p>\n"},"caption":{"rendered":""},"alt_text":"","media_type":"image","mime_type":"image\/jpeg","media_details":{"width":539,"height":241,"file":"2021\/11\/La-mem\u00f2ria-de-la-Pla\u00e7a.jpg","sizes":{"woocommerce_thumbnail":{"file":"La-mem\u00f2ria-de-la-Pla\u00e7a-300x241.jpg","width":300,"height":241,"uncropped":false,"mime_type":"image\/jpeg","source_url":"https:\/\/fundaciosetba.org\/wp-content\/uploads\/2021\/11\/La-mem\u00f2ria-de-la-Pla\u00e7a-300x241.jpg"},"woocommerce_gallery_thumbnail":{"file":"La-mem\u00f2ria-de-la-Pla\u00e7a-150x150.jpg","width":150,"height":150,"mime_type":"image\/jpeg","source_url":"https:\/\/fundaciosetba.org\/wp-content\/uploads\/2021\/11\/La-mem\u00f2ria-de-la-Pla\u00e7a-150x150.jpg"},"medium":{"file":"La-mem\u00f2ria-de-la-Pla\u00e7a-300x134.jpg","width":300,"height":134,"mime_type":"image\/jpeg","source_url":"https:\/\/fundaciosetba.org\/wp-content\/uploads\/2021\/11\/La-mem\u00f2ria-de-la-Pla\u00e7a-300x134.jpg"},"thumbnail":{"file":"La-mem\u00f2ria-de-la-Pla\u00e7a-150x150.jpg","width":150,"height":150,"mime_type":"image\/jpeg","source_url":"https:\/\/fundaciosetba.org\/wp-content\/uploads\/2021\/11\/La-mem\u00f2ria-de-la-Pla\u00e7a-150x150.jpg"},"us_150_100":{"file":"La-mem\u00f2ria-de-la-Pla\u00e7a-150x67.jpg","width":150,"height":67,"mime_type":"image\/jpeg","source_url":"https:\/\/fundaciosetba.org\/wp-content\/uploads\/2021\/11\/La-mem\u00f2ria-de-la-Pla\u00e7a-150x67.jpg"},"shop_catalog":{"file":"La-mem\u00f2ria-de-la-Pla\u00e7a-300x241.jpg","width":300,"height":241,"uncropped":false,"mime_type":"image\/jpeg","source_url":"https:\/\/fundaciosetba.org\/wp-content\/uploads\/2021\/11\/La-mem\u00f2ria-de-la-Pla\u00e7a-300x241.jpg"},"shop_thumbnail":{"file":"La-mem\u00f2ria-de-la-Pla\u00e7a-150x150.jpg","width":150,"height":150,"mime_type":"image\/jpeg","source_url":"https:\/\/fundaciosetba.org\/wp-content\/uploads\/2021\/11\/La-mem\u00f2ria-de-la-Pla\u00e7a-150x150.jpg"},"full":{"file":"La-mem\u00f2ria-de-la-Pla\u00e7a.jpg","width":539,"height":241,"mime_type":"image\/jpeg","source_url":"https:\/\/fundaciosetba.org\/wp-content\/uploads\/2021\/11\/La-mem\u00f2ria-de-la-Pla\u00e7a.jpg"}},"image_meta":{"aperture":"0","credit":"","camera":"","caption":"","created_timestamp":"0","copyright":"","focal_length":"0","iso":"0","shutter_speed":"0","title":"","orientation":"1","keywords":[]}},"post":null,"source_url":"https:\/\/fundaciosetba.org\/wp-content\/uploads\/2021\/11\/La-mem\u00f2ria-de-la-Pla\u00e7a.jpg","_links":{"self":[{"href":"https:\/\/fundaciosetba.org\/en\/wp-json\/wp\/v2\/media\/24812","targetHints":{"allow":["GET"]}}],"collection":[{"href":"https:\/\/fundaciosetba.org\/en\/wp-json\/wp\/v2\/media"}],"about":[{"href":"https:\/\/fundaciosetba.org\/en\/wp-json\/wp\/v2\/types\/attachment"}],"author":[{"embeddable":true,"href":"https:\/\/fundaciosetba.org\/en\/wp-json\/wp\/v2\/users\/1"}],"replies":[{"embeddable":true,"href":"https:\/\/fundaciosetba.org\/en\/wp-json\/wp\/v2\/comments?post=24812"}]}}

https://beta.fundaciosetba.org/wp-content/uploads/2021/11/La-memòria-de-la-Plaça.jpg

<p class="attachment"><a ref="magnificPopup" href='https://fundaciosetba.org/wp-content/uploads/2021/11/La-memòria-de-la-Plaça.jpg'><img loading="lazy" decoding="async" width="300" height="134" src="https://fundaciosetba.org/wp-content/uploads/2021/11/La-memòria-de-la-Plaça-300x134.jpg" class="attachment-medium size-medium" alt="" srcset="https://fundaciosetba.org/wp-content/uploads/2021/11/La-memòria-de-la-Plaça-300x134.jpg 300w, https://fundaciosetba.org/wp-content/uploads/2021/11/La-memòria-de-la-Plaça-150x67.jpg 150w, https://fundaciosetba.org/wp-content/uploads/2021/11/La-memòria-de-la-Plaça.jpg 539w" sizes="auto, (max-width: 300px) 100vw, 300px" /></a></p>

2021/11/La-memòria-de-la-Plaça.jpg

La-memòria-de-la-Plaça-300x241.jpg

https://fundaciosetba.org/wp-content/uploads/2021/11/La-memòria-de-la-Plaça-300x241.jpg

La-memòria-de-la-Plaça-150x150.jpg

https://fundaciosetba.org/wp-content/uploads/2021/11/La-memòria-de-la-Plaça-150x150.jpg

La-memòria-de-la-Plaça-300x134.jpg

https://fundaciosetba.org/wp-content/uploads/2021/11/La-memòria-de-la-Plaça-300x134.jpg

La-memòria-de-la-Plaça-150x67.jpg

https://fundaciosetba.org/wp-content/uploads/2021/11/La-memòria-de-la-Plaça-150x67.jpg

La-memòria-de-la-Plaça.jpg

https://fundaciosetba.org/wp-content/uploads/2021/11/La-memòria-de-la-Plaça.jpg
