{"id":30752,"date":"2022-02-16T12:13:06","date_gmt":"2022-02-16T11:13:06","guid":{"rendered":"https:\/\/fundaciosetba.org\/producte\/brians-mujeres-invisibles\/"},"modified":"2024-11-08T14:30:41","modified_gmt":"2024-11-08T13:30:41","slug":"brians-mujeres-invisibles-2","status":"publish","type":"product","link":"https:\/\/fundaciosetba.org\/es\/producte\/brians-mujeres-invisibles-2\/","title":{"rendered":"&#8220;BRIANS: mujeres invisibles&#8221;"},"content":{"rendered":"<p style=\"text-align: left;\">&#8220;BRIANS: mujeres invisibles&#8221; es el primer fotolibro que muestra el resultado del proyecto de fotograf\u00eda, <em>Traspasando el objetivo<\/em> , organizado por la Fundaci\u00f3n Setba en la unidad de mujeres del Centro Penitenciario de Brians 1 en Sant Esteve Sesrovires y dirigido por el artista y activista Marta F\u00e0bregas Aragall.<\/p>\n<p style=\"text-align: left;\">Durante dos a\u00f1os, m\u00e1s de sesenta mujeres internas en prisi\u00f3n han participado en talleres de fotograf\u00eda, descubriendo una nueva forma de expresi\u00f3n y haciendo un trabajo de empoderamiento, que ha contribuido en la mejora de su autoestima e imagen.<\/p>\n<p style=\"text-align: left;\">Este fotolibro incluye, aparte de los retratos en las internas realizados por la directora art\u00edstica, fotograf\u00edas del espacio de la fot\u00f3grafa Laura G\u00e1lvez-Rhein y dos reportajes muy especiales: uno de Camila Oliveira, actualmente en tercer grado y que ha contado con la mentor\u00eda de Marta F\u00e0bregas, y el otro de Sof\u00eda Kyprisli, quien contin\u00faa en Brians y que ha tenido a la fotoperiodista Sandra Balsells como mentora.<\/p>\n<p style=\"text-align: left;\">Este proyecto es una declaraci\u00f3n de principios y este libro es el primero de la colecci\u00f3n. Las mujeres son las grandes olvidadas del sistema penitenciario, ya que s\u00f3lo representan al 7% de la poblaci\u00f3n reclusa, disponiendo de menos instalaciones y recursos que los hombres.<\/p>\n<p style=\"text-align: left;\">Con la venta de este libro, la Fundaci\u00f3n quiere contribuir a generar oportunidades en las internas, seguir realizando este proyecto y demostrar que el arte y la cultura son una herramienta de transformaci\u00f3n social. Una poderosa herramienta que siempre nos salva.<\/p>\n","protected":false},"excerpt":{"rendered":"<p>El primer fotolibro de la Fundaci\u00f3n Setba que muestra c\u00f3mo la fotograf\u00eda puede convertirse en una herramienta de empoderamiento para mujeres internas en centros penitenciarios de Catalu\u00f1a.<\/p>\n<p>\u00a9 Editorial Lum\u00ednico, Barcelona, 2021<\/p>\n<p>Libro de 120 p\u00e1ginas + guardas + forro<br \/>\nFormato: 167 x 235 mm.<br \/>\nEncuadernaci\u00f3n tapa dura.<br \/>\nEspejo encolado en el interior de la contraportada.<\/p>\n<p>\u00a9 de las fotograf\u00edas, Marta F\u00e1bregas, Laura G\u00e1lvez-Rhein, Camila Oliveira, Sof\u00eda Kyprisli, Esperanza Carri\u00f3n, Paula Gonz\u00e1lez, Nadia Fatah, Cyntia Cristina de Souza, Diana Mora, Ruth M\u00e9ndez, Silvia Heras y Thalita Borges, 2020-202<br \/>\n\u00a9 del texto, Cristina Sampere y Cristina Zelich, 2021<\/p>\n","protected":false},"featured_media":30297,"template":"","meta":[],"product_brand":[],"product_cat":[1234],"product_tag":[1235],"class_list":{"0":"post-30752","1":"product","2":"type-product","3":"status-publish","4":"has-post-thumbnail","6":"product_cat-fotolibro","7":"product_tag-traspasando-el-objetivo","9":"first","10":"instock","11":"taxable","12":"shipping-taxable","13":"purchasable","14":"product-type-simple"},"_links":{"self":[{"href":"https:\/\/fundaciosetba.org\/es\/wp-json\/wp\/v2\/product\/30752","targetHints":{"allow":["GET"]}}],"collection":[{"href":"https:\/\/fundaciosetba.org\/es\/wp-json\/wp\/v2\/product"}],"about":[{"href":"https:\/\/fundaciosetba.org\/es\/wp-json\/wp\/v2\/types\/product"}],"wp:featuredmedia":[{"embeddable":true,"href":"https:\/\/fundaciosetba.org\/es\/wp-json\/wp\/v2\/media\/30297"}],"wp:attachment":[{"href":"https:\/\/fundaciosetba.org\/es\/wp-json\/wp\/v2\/media?parent=30752"}],"wp:term":[{"taxonomy":"product_brand","embeddable":true,"href":"https:\/\/fundaciosetba.org\/es\/wp-json\/wp\/v2\/product_brand?post=30752"},{"taxonomy":"product_cat","embeddable":true,"href":"https:\/\/fundaciosetba.org\/es\/wp-json\/wp\/v2\/product_cat?post=30752"},{"taxonomy":"product_tag","embeddable":true,"href":"https:\/\/fundaciosetba.org\/es\/wp-json\/wp\/v2\/product_tag?post=30752"}],"curies":[{"name":"wp","href":"https:\/\/api.w.org\/{rel}","templated":true}]}}

<p style="text-align: left;">&#8220;BRIANS: mujeres invisibles&#8221; es el primer fotolibro que muestra el resultado del proyecto de fotografía, <em>Traspasando el objetivo</em> , organizado por la Fundación Setba en la unidad de mujeres del Centro Penitenciario de Brians 1 en Sant Esteve Sesrovires y dirigido por el artista y activista Marta Fàbregas Aragall.</p>
<p style="text-align: left;">Durante dos años, más de sesenta mujeres internas en prisión han participado en talleres de fotografía, descubriendo una nueva forma de expresión y haciendo un trabajo de empoderamiento, que ha contribuido en la mejora de su autoestima e imagen.</p>
<p style="text-align: left;">Este fotolibro incluye, aparte de los retratos en las internas realizados por la directora artística, fotografías del espacio de la fotógrafa Laura Gálvez-Rhein y dos reportajes muy especiales: uno de Camila Oliveira, actualmente en tercer grado y que ha contado con la mentoría de Marta Fàbregas, y el otro de Sofía Kyprisli, quien continúa en Brians y que ha tenido a la fotoperiodista Sandra Balsells como mentora.</p>
<p style="text-align: left;">Este proyecto es una declaración de principios y este libro es el primero de la colección. Las mujeres son las grandes olvidadas del sistema penitenciario, ya que sólo representan al 7% de la población reclusa, disponiendo de menos instalaciones y recursos que los hombres.</p>
<p style="text-align: left;">Con la venta de este libro, la Fundación quiere contribuir a generar oportunidades en las internas, seguir realizando este proyecto y demostrar que el arte y la cultura son una herramienta de transformación social. Una poderosa herramienta que siempre nos salva.</p>

<p>El primer fotolibro de la Fundación Setba que muestra cómo la fotografía puede convertirse en una herramienta de empoderamiento para mujeres internas en centros penitenciarios de Cataluña.</p>
<p>© Editorial Lumínico, Barcelona, 2021</p>
<p>Libro de 120 páginas + guardas + forro<br />
Formato: 167 x 235 mm.<br />
Encuadernación tapa dura.<br />
Espejo encolado en el interior de la contraportada.</p>
<p>© de las fotografías, Marta Fábregas, Laura Gálvez-Rhein, Camila Oliveira, Sofía Kyprisli, Esperanza Carrión, Paula González, Nadia Fatah, Cyntia Cristina de Souza, Diana Mora, Ruth Méndez, Silvia Heras y Thalita Borges, 2020-202<br />
© del texto, Cristina Sampere y Cristina Zelich, 2021</p>
