{"id":35213,"date":"2023-11-08T12:21:31","date_gmt":"2023-11-08T11:21:31","guid":{"rendered":"https:\/\/fundaciosetba.org\/producte\/la-cultura-ens-salva-tote-bag\/"},"modified":"2023-11-08T12:21:31","modified_gmt":"2023-11-08T11:21:31","slug":"la-cultura-ente-salva-tote-bag","status":"publish","type":"product","link":"https:\/\/fundaciosetba.org\/es\/producte\/la-cultura-ente-salva-tote-bag\/","title":{"rendered":"&#8220;La cultura ens salva&#8221; Tote bag"},"content":{"rendered":"<p>\u00a1Reivindica el poder de la cultura con esta bolsa!<\/p>\n<p>La cultura, como derecho universal que es, deber\u00eda llegar a todo el mundo. Desde el centro c\u00edvico en prisi\u00f3n, del centro educativo a la unidad de salud mental, del bosque al museo.<\/p>\n<p>En la Fundaci\u00f3 Setba trabajamos desde 2009 con colectivos en riesgo de exclusi\u00f3n poniendo en sus manos esta poderos\u00edsima herramienta.<\/p>\n<p>Ahora tienes la oportunidad de colaborar con nosotros adquiriendo una de estas bolsas. Los fondos recaudados se destinar\u00e1n a los proyectos de la Fundaci\u00f3n.<\/p>\n<p>La cultura salva, nos salva a todas y a todos.<\/p>\n<p>&nbsp;<\/p>\n","protected":false},"excerpt":{"rendered":"<p>Material: 100% algod\u00f3n org\u00e1nico<br \/>\n38 x 24 cm<br \/>\nLas ventas se destinan a los proyectos de la Fundaci\u00f3 Setba<\/p>\n","protected":false},"featured_media":35195,"template":"","meta":[],"product_brand":[],"product_cat":[1373],"product_tag":[],"class_list":{"0":"post-35213","1":"product","2":"type-product","3":"status-publish","4":"has-post-thumbnail","6":"product_cat-tote-bag-es","8":"first","9":"instock","10":"taxable","11":"shipping-taxable","12":"purchasable","13":"product-type-simple"},"_links":{"self":[{"href":"https:\/\/fundaciosetba.org\/es\/wp-json\/wp\/v2\/product\/35213","targetHints":{"allow":["GET"]}}],"collection":[{"href":"https:\/\/fundaciosetba.org\/es\/wp-json\/wp\/v2\/product"}],"about":[{"href":"https:\/\/fundaciosetba.org\/es\/wp-json\/wp\/v2\/types\/product"}],"wp:featuredmedia":[{"embeddable":true,"href":"https:\/\/fundaciosetba.org\/es\/wp-json\/wp\/v2\/media\/35195"}],"wp:attachment":[{"href":"https:\/\/fundaciosetba.org\/es\/wp-json\/wp\/v2\/media?parent=35213"}],"wp:term":[{"taxonomy":"product_brand","embeddable":true,"href":"https:\/\/fundaciosetba.org\/es\/wp-json\/wp\/v2\/product_brand?post=35213"},{"taxonomy":"product_cat","embeddable":true,"href":"https:\/\/fundaciosetba.org\/es\/wp-json\/wp\/v2\/product_cat?post=35213"},{"taxonomy":"product_tag","embeddable":true,"href":"https:\/\/fundaciosetba.org\/es\/wp-json\/wp\/v2\/product_tag?post=35213"}],"curies":[{"name":"wp","href":"https:\/\/api.w.org\/{rel}","templated":true}]}}

<p>¡Reivindica el poder de la cultura con esta bolsa!</p>
<p>La cultura, como derecho universal que es, debería llegar a todo el mundo. Desde el centro cívico en prisión, del centro educativo a la unidad de salud mental, del bosque al museo.</p>
<p>En la Fundació Setba trabajamos desde 2009 con colectivos en riesgo de exclusión poniendo en sus manos esta poderosísima herramienta.</p>
<p>Ahora tienes la oportunidad de colaborar con nosotros adquiriendo una de estas bolsas. Los fondos recaudados se destinarán a los proyectos de la Fundación.</p>
<p>La cultura salva, nos salva a todas y a todos.</p>
<p>&nbsp;</p>

<p>Material: 100% algodón orgánico<br />
38 x 24 cm<br />
Las ventas se destinan a los proyectos de la Fundació Setba</p>
