{"id":39340,"date":"2025-06-04T14:47:51","date_gmt":"2025-06-04T13:47:51","guid":{"rendered":"https:\/\/fundaciosetba.org\/producte\/coleccion-mujeres-invisibles-brians-y-wad-ras\/"},"modified":"2025-06-10T09:10:09","modified_gmt":"2025-06-10T08:10:09","slug":"coleccion-mujeres-invisibles-brians-y-wad-ras","status":"publish","type":"product","link":"https:\/\/fundaciosetba.org\/es\/producte\/coleccion-mujeres-invisibles-brians-y-wad-ras\/","title":{"rendered":"Colecci\u00f3n \u201cMujeres invisibles\u201d: Brians y Wad-Ras"},"content":{"rendered":"<p>En 2020 se inicia Traspasando el objetivo, un proyecto de la Fundaci\u00f3n Setba que utiliza la fotograf\u00eda como herramienta de empoderamiento y transformaci\u00f3n social.<\/p>\n<p>En 2022 sale a la luz el primer fotolibro del proyecto BRIANS. Mujeres invisibles. <\/p>\n<p>Ahora, la Fundaci\u00f3 Setba y Lum\u00ednic publican el segundo t\u00edtulo de la colecci\u00f3n: Wad-Ras. Mujeres invisibles. <\/p>\n<p>&nbsp;<\/p>\n","protected":false},"excerpt":{"rendered":"<p>Pack de los dos fotolibros de la colecci\u00f3n \u201cMujeres Invisibles\u201d, dedicados a los centros penitenciarios de Brians 1 y Wad-Ras.<\/p>\n<p>Brians. Mujeres invisibles: <a href=\"https:\/\/fundaciosetba.org\/es\/producte\/brians-mujeres-invisibles-2\/\">https:\/\/fundaciosetba.org\/producte\/brians-mujeres-invisibles\/<\/a><\/p>\n<p>Wad-Ras. Mujeres invisibles: <a href=\"https:\/\/fundaciosetba.org\/es\/producte\/wad-ras-mujeres-invisibles\/\">https:\/\/fundaciosetba.org\/producte\/wad-ras-dones-invisibles\/<\/a> <\/p>\n","protected":false},"featured_media":39339,"template":"","meta":[],"product_brand":[],"product_cat":[1234],"product_tag":[],"class_list":{"0":"post-39340","1":"product","2":"type-product","3":"status-publish","4":"has-post-thumbnail","6":"product_cat-fotolibro","8":"first","9":"instock","10":"taxable","11":"shipping-taxable","12":"purchasable","13":"product-type-simple"},"_links":{"self":[{"href":"https:\/\/fundaciosetba.org\/es\/wp-json\/wp\/v2\/product\/39340","targetHints":{"allow":["GET"]}}],"collection":[{"href":"https:\/\/fundaciosetba.org\/es\/wp-json\/wp\/v2\/product"}],"about":[{"href":"https:\/\/fundaciosetba.org\/es\/wp-json\/wp\/v2\/types\/product"}],"wp:featuredmedia":[{"embeddable":true,"href":"https:\/\/fundaciosetba.org\/es\/wp-json\/wp\/v2\/media\/39339"}],"wp:attachment":[{"href":"https:\/\/fundaciosetba.org\/es\/wp-json\/wp\/v2\/media?parent=39340"}],"wp:term":[{"taxonomy":"product_brand","embeddable":true,"href":"https:\/\/fundaciosetba.org\/es\/wp-json\/wp\/v2\/product_brand?post=39340"},{"taxonomy":"product_cat","embeddable":true,"href":"https:\/\/fundaciosetba.org\/es\/wp-json\/wp\/v2\/product_cat?post=39340"},{"taxonomy":"product_tag","embeddable":true,"href":"https:\/\/fundaciosetba.org\/es\/wp-json\/wp\/v2\/product_tag?post=39340"}],"curies":[{"name":"wp","href":"https:\/\/api.w.org\/{rel}","templated":true}]}}

Colección “Mujeres invisibles”: Brians y Wad-Ras

<p>En 2020 se inicia Traspasando el objetivo, un proyecto de la Fundación Setba que utiliza la fotografía como herramienta de empoderamiento y transformación social.</p>
<p>En 2022 sale a la luz el primer fotolibro del proyecto BRIANS. Mujeres invisibles. </p>
<p>Ahora, la Fundació Setba y Lumínic publican el segundo título de la colección: Wad-Ras. Mujeres invisibles. </p>
<p>&nbsp;</p>

<p>Pack de los dos fotolibros de la colección “Mujeres Invisibles”, dedicados a los centros penitenciarios de Brians 1 y Wad-Ras.</p>
<p>Brians. Mujeres invisibles: <a href="https://fundaciosetba.org/es/producte/brians-mujeres-invisibles-2/">https://fundaciosetba.org/producte/brians-mujeres-invisibles/</a></p>
<p>Wad-Ras. Mujeres invisibles: <a href="https://fundaciosetba.org/es/producte/wad-ras-mujeres-invisibles/">https://fundaciosetba.org/producte/wad-ras-dones-invisibles/</a> </p>
