{"id":39942,"date":"2025-10-06T10:41:47","date_gmt":"2025-10-06T09:41:47","guid":{"rendered":"https:\/\/fundaciosetba.org\/producte\/llibre-commemoratiu-dels-15-anys-del-premi-setba\/"},"modified":"2025-10-06T10:46:33","modified_gmt":"2025-10-06T09:46:33","slug":"llibre-commemoratiu-dels-15-anys-del-premi-setba","status":"publish","type":"product","link":"https:\/\/fundaciosetba.org\/es\/producte\/llibre-commemoratiu-dels-15-anys-del-premi-setba\/","title":{"rendered":"Libro conmemorativo de los 15 a\u00f1os del Premio Setba (Catal\u00e1n)"},"content":{"rendered":"<p data-start=\"56\" data-end=\"431\">Este libro celebra una trayectoria de quince a\u00f1os reconociendo el talento art\u00edstico de personas con discapacidad intelectual. Un recorrido visual y emocional por el Premio Setba, que re\u00fane las obras ganadoras y finalistas, los miembros del jurado y las im\u00e1genes m\u00e1s emblem\u00e1ticas de galas, exposiciones y colaboraciones con empresas a lo largo de estos a\u00f1os. <\/p>\n<p data-start=\"433\" data-end=\"588\">Cada p\u00e1gina es un homenaje al arte como herramienta de transformaci\u00f3n social, y una muestra del compromiso de la Fundaci\u00f3n Setba con la inclusi\u00f3n y la creatividad.<\/p>\n<p data-start=\"590\" data-end=\"881\">La l\u00ednea gr\u00e1fica de este libro nace de una sesi\u00f3n creativa con los ganadores y ganadoras del Premio Setba, realizada en La Casa de Carlota. La portada, serigrafiada artesanalmente en el taller del Centre Ocupacional Les Corts, convierte cada ejemplar en una pieza \u00fanica. <\/p>\n<p data-start=\"883\" data-end=\"960\" data-is-last-node=\"\" data-is-only-node=\"\">\ud83d\udcd8 Un libro para celebrar quince a\u00f1os de arte, inclusi\u00f3n y belleza compartida.<\/p>\n","protected":false},"excerpt":{"rendered":"<p>Un recorrido visual y emocional por el Premio Setba, que re\u00fane las obras ganadoras y finalistas, los miembros del jurado y las im\u00e1genes m\u00e1s emblem\u00e1ticas de galas, exposiciones y colaboraciones con empresas a lo largo de estos a\u00f1os.<\/p>\n","protected":false},"featured_media":39941,"template":"","meta":[],"product_brand":[],"product_cat":[1224],"product_tag":[],"class_list":{"0":"post-39942","1":"product","2":"type-product","3":"status-publish","4":"has-post-thumbnail","6":"product_cat-obras-premio-setba","8":"first","9":"instock","10":"taxable","11":"shipping-taxable","12":"purchasable","13":"product-type-simple"},"_links":{"self":[{"href":"https:\/\/fundaciosetba.org\/es\/wp-json\/wp\/v2\/product\/39942","targetHints":{"allow":["GET"]}}],"collection":[{"href":"https:\/\/fundaciosetba.org\/es\/wp-json\/wp\/v2\/product"}],"about":[{"href":"https:\/\/fundaciosetba.org\/es\/wp-json\/wp\/v2\/types\/product"}],"wp:featuredmedia":[{"embeddable":true,"href":"https:\/\/fundaciosetba.org\/es\/wp-json\/wp\/v2\/media\/39941"}],"wp:attachment":[{"href":"https:\/\/fundaciosetba.org\/es\/wp-json\/wp\/v2\/media?parent=39942"}],"wp:term":[{"taxonomy":"product_brand","embeddable":true,"href":"https:\/\/fundaciosetba.org\/es\/wp-json\/wp\/v2\/product_brand?post=39942"},{"taxonomy":"product_cat","embeddable":true,"href":"https:\/\/fundaciosetba.org\/es\/wp-json\/wp\/v2\/product_cat?post=39942"},{"taxonomy":"product_tag","embeddable":true,"href":"https:\/\/fundaciosetba.org\/es\/wp-json\/wp\/v2\/product_tag?post=39942"}],"curies":[{"name":"wp","href":"https:\/\/api.w.org\/{rel}","templated":true}]}}

Libro conmemorativo de los 15 años del Premio Setba (Catalán)

<p data-start="56" data-end="431">Este libro celebra una trayectoria de quince años reconociendo el talento artístico de personas con discapacidad intelectual. Un recorrido visual y emocional por el Premio Setba, que reúne las obras ganadoras y finalistas, los miembros del jurado y las imágenes más emblemáticas de galas, exposiciones y colaboraciones con empresas a lo largo de estos años. </p>
<p data-start="433" data-end="588">Cada página es un homenaje al arte como herramienta de transformación social, y una muestra del compromiso de la Fundación Setba con la inclusión y la creatividad.</p>
<p data-start="590" data-end="881">La línea gráfica de este libro nace de una sesión creativa con los ganadores y ganadoras del Premio Setba, realizada en La Casa de Carlota. La portada, serigrafiada artesanalmente en el taller del Centre Ocupacional Les Corts, convierte cada ejemplar en una pieza única. </p>
<p data-start="883" data-end="960" data-is-last-node="" data-is-only-node="">📘 Un libro para celebrar quince años de arte, inclusión y belleza compartida.</p>

<p>Un recorrido visual y emocional por el Premio Setba, que reúne las obras ganadoras y finalistas, los miembros del jurado y las imágenes más emblemáticas de galas, exposiciones y colaboraciones con empresas a lo largo de estos años.</p>
