{"id":40654,"date":"2025-11-24T18:39:52","date_gmt":"2025-11-24T17:39:52","guid":{"rendered":"https:\/\/fundaciosetba.org\/producte\/marrameu-de-alexis-hinojosa\/"},"modified":"2025-11-24T18:39:52","modified_gmt":"2025-11-24T17:39:52","slug":"marrameu-de-alexis-hinojosa","status":"publish","type":"product","link":"https:\/\/fundaciosetba.org\/es\/producte\/marrameu-de-alexis-hinojosa\/","title":{"rendered":"&#8220;Marrameu&#8221; de Alexis Hinojosa"},"content":{"rendered":"<p><em>Marrameu<\/em> es una obra creada por Alexis Hinojosa de la Fundaci\u00f3 Ampans. Esta pieza fue finalista en el Premi Setba 2025, el certamen mejor dotado del Estado para artistas con discapacidad intelectual. <\/p>\n<p>Con la venta de este cuadro, colaboras en reconocer el talento del artista y en financiar el proyecto de formaci\u00f3n art\u00edstica que realizamos para entidades que trabajan con personas con discapacidad intelectual y que lleva como t\u00edtulo de <a href=\"https:\/\/fundaciosetba.org\/es\/projecte\/magistrals-premio-setba\/\">Magistrales<\/a> .<\/p>\n<p>El jurado de la decimoquinta edici\u00f3n del Premio Setba ha estado formado por:<\/p>\n<ul>\n<li><strong>Montserrat Gonz\u00e1lez<\/strong> , responsable de comunicaci\u00f3n del Instituto de Cultura de Barcelona (ICUB)<\/li>\n<li><strong>M\u00f2nica Ramon<\/strong> , directora de la galer\u00eda Artur Ramon Espacio de Arte y vicepresidenta del Gremio de Galer\u00edas de Arte de Catalu\u00f1a<\/li>\n<li><strong>Montserrat Sampietro<\/strong> , del Departamento de Actividades de Cultura y Ciencia de la Fundaci\u00f3n \u201cla Caixa\u201d<\/li>\n<li><strong>Cristina Sampere<\/strong> , artista y directora de la Fundaci\u00f3n Setba<\/li>\n<li><strong>Jos\u00e9 Manuel Jaurena<\/strong> , gerente de Pinturas Mir<\/li>\n<\/ul>\n<p>De entre 1.125 obras presentadas, el jurado destac\u00f3 <em>a Marrameu<\/em> por la expresividad de la figura, el uso del color y el estilo inconfundible. El jurado ha valorado especialmente la calidez de la obra y el carisma del gato representado, que despierta simpat\u00eda. <\/p>\n","protected":false},"excerpt":{"rendered":"<p>PIEZA \u00daNICA<br \/>\n Artista: Marrameu de la Fundaci\u00f3n Ampans<br \/>\n T\u00e9cnica: mixta (acr\u00edlico y grafito)<br \/>\n Dimensiones: 70 x 50 cm<\/p>\n","protected":false},"featured_media":40605,"template":"","meta":[],"product_brand":[],"product_cat":[1224],"product_tag":[],"class_list":{"0":"post-40654","1":"product","2":"type-product","3":"status-publish","4":"has-post-thumbnail","6":"product_cat-obras-premio-setba","8":"first","9":"instock","10":"taxable","11":"shipping-taxable","12":"purchasable","13":"product-type-variable"},"_links":{"self":[{"href":"https:\/\/fundaciosetba.org\/es\/wp-json\/wp\/v2\/product\/40654","targetHints":{"allow":["GET"]}}],"collection":[{"href":"https:\/\/fundaciosetba.org\/es\/wp-json\/wp\/v2\/product"}],"about":[{"href":"https:\/\/fundaciosetba.org\/es\/wp-json\/wp\/v2\/types\/product"}],"wp:featuredmedia":[{"embeddable":true,"href":"https:\/\/fundaciosetba.org\/es\/wp-json\/wp\/v2\/media\/40605"}],"wp:attachment":[{"href":"https:\/\/fundaciosetba.org\/es\/wp-json\/wp\/v2\/media?parent=40654"}],"wp:term":[{"taxonomy":"product_brand","embeddable":true,"href":"https:\/\/fundaciosetba.org\/es\/wp-json\/wp\/v2\/product_brand?post=40654"},{"taxonomy":"product_cat","embeddable":true,"href":"https:\/\/fundaciosetba.org\/es\/wp-json\/wp\/v2\/product_cat?post=40654"},{"taxonomy":"product_tag","embeddable":true,"href":"https:\/\/fundaciosetba.org\/es\/wp-json\/wp\/v2\/product_tag?post=40654"}],"curies":[{"name":"wp","href":"https:\/\/api.w.org\/{rel}","templated":true}]}}

<p><em>Marrameu</em> es una obra creada por Alexis Hinojosa de la Fundació Ampans. Esta pieza fue finalista en el Premi Setba 2025, el certamen mejor dotado del Estado para artistas con discapacidad intelectual. </p>
<p>Con la venta de este cuadro, colaboras en reconocer el talento del artista y en financiar el proyecto de formación artística que realizamos para entidades que trabajan con personas con discapacidad intelectual y que lleva como título de <a href="https://fundaciosetba.org/es/projecte/magistrals-premio-setba/">Magistrales</a> .</p>
<p>El jurado de la decimoquinta edición del Premio Setba ha estado formado por:</p>
<ul>
<li><strong>Montserrat González</strong> , responsable de comunicación del Instituto de Cultura de Barcelona (ICUB)</li>
<li><strong>Mònica Ramon</strong> , directora de la galería Artur Ramon Espacio de Arte y vicepresidenta del Gremio de Galerías de Arte de Cataluña</li>
<li><strong>Montserrat Sampietro</strong> , del Departamento de Actividades de Cultura y Ciencia de la Fundación “la Caixa”</li>
<li><strong>Cristina Sampere</strong> , artista y directora de la Fundación Setba</li>
<li><strong>José Manuel Jaurena</strong> , gerente de Pinturas Mir</li>
</ul>
<p>De entre 1.125 obras presentadas, el jurado destacó <em>a Marrameu</em> por la expresividad de la figura, el uso del color y el estilo inconfundible. El jurado ha valorado especialmente la calidez de la obra y el carisma del gato representado, que despierta simpatía. </p>

<p>PIEZA ÚNICA<br />
 Artista: Marrameu de la Fundación Ampans<br />
 Técnica: mixta (acrílico y grafito)<br />
 Dimensiones: 70 x 50 cm</p>
